 - 5*o, 2*s - o - 7 = 0. Suppose 5*t - 55 = -x, -s*x - x - k*t + 190 = 0. List the prime factors of x.
3, 5
Let i = 120 - 210. Let a = i + 197. List the prime factors of a.
107
What are the prime factors of ((-699)/2)/(2945/114 + -26)?
3, 233
Suppose 55*s = 111*s - 45*s - 47630. What are the prime factors of s?
2, 5, 433
Let i(g) = -56*g**3 + 4*g**2 - 8*g + 7. List the prime factors of i(-5).
7, 1021
Suppose -5*k + 3*h + 35 = 0, 84*k - 86*k = -3*h - 23. Let d(f) = -2*f**2 - 6*f - 5. Let g be d(-4). List the prime factors of (k*19)/((-26)/g).
2, 19
Let w(x) = 2*x - 15. Let r be w(10). What are the prime factors of ((-153)/(-12))/(-9*r/(-1020))?
17
Let i(l) = 1458*l**3 - 3*l**2 - l - 27. List the prime factors of i(3).
3, 13103
Let m(p) = -p**3 + 18*p**2 - 11*p + 12. Let d be m(13). List the prime factors of (d/(-63))/((-4)/54).
3, 17
Suppose -f + 22 - 19 = 0. Suppose 3*l + 75358 + 52432 = -5*o, -f*l + 2*o - 127783 = 0. List the prime factors of (l/(-30))/7 + (-2)/(-12).
7, 29
Suppose 11*z = 9*z - 210. Let t = z + 86. Let x = 101 + t. What are the prime factors of x?
2, 41
Let p = -93 - -30. What are the prime factors of 377 - (273/p - 2/(-6))?
3, 127
Suppose -1300*p + 1305*p - 37800 = 0. List the prime factors of p.
2, 3, 5, 7
Suppose -22*k = -25*k. Suppose k = -6*s + 79 + 5. What are the prime factors of s?
2, 7
Suppose -62512 - 3800 = -6*a. Suppose 58*j - a = 46*j. List the prime factors of j.
3, 307
Suppose 5*i = 4*l + 3809, 5*i - 1703 = 2*l + 2104. Let q = i - -399. List the prime factors of q.
2, 5, 29
Suppose -32*r = 126256 - 414960. What are the prime factors of r?
2, 13, 347
Let c(g) = 4996*g**3 - 41*g + 85. What are the prime factors of c(2)?
39971
Let s = 1337 + 10021. List the prime factors of s.
2, 3, 631
Let o = 130 - 190. What are the prime factors of -2*(o + -5 - 6)?
2, 71
Let r be (2 - -7) + 0 + 2 + -6. Suppose r*k - 263 = 612. List the prime factors of k.
5, 7
Let s(z) = -z**3 + 8*z**2 + 20*z - 38. Let u be s(7). Suppose -u*x = -146*x - 9200. List the prime factors of x.
2, 5, 23
Let j(o) = 12*o + 9*o + 149 - 147 - 5*o**2. Let y be j(4). Suppose -14*p + y*p + 48 = 0. List the prime factors of p.
2, 3
Let h(u) be the first derivative of -u**4/4 + 5*u**3/3 - u**2/2 - 48*u + 48. What are the prime factors of h(-6)?
2, 3, 59
Suppose -428*u + 5*q = -427*u - 10312, -u + 10354 = q. What are the prime factors of u?
3, 3449
Suppose -53*t = -1277777 + 237175. What are the prime factors of t?
2, 9817
Suppose 2*y - y - 339 = -2*v, -v - y = -167. Let p = 336 - v. List the prime factors of p.
2, 41
Let u = 567 + -540. Suppose -21*y = -u*y + 6930. What are the prime factors of y?
3, 5, 7, 11
Let r(s) = 21*s - 13. Let y be r(5). Let c be (-4674)/(-12) - (-1)/2. Suppose 3*l = -h + y, -3*h - l + c = h. List the prime factors of h.
2, 7
Let t(f) = -336*f + 2947. List the prime factors of t(-24).
7, 11, 13
Let d(g) = g**2 + 23*g - 101. Let v be d(-28). Let a = v - 3. What are the prime factors of a?
2, 3
Let n be (15 + -3)/3 - (8 + -11). Suppose -5*p - 251 = -x, n*x = 5*x - 4*p + 544. List the prime factors of x.
2, 7, 19
Let q(p) = -p. Let n(z) = -5*z + 4. Let v(t) = n(t) - 4*q(t). Let u be v(7). List the prime factors of (-2350)/(-30) + 1/u.
2, 3, 13
Let o(v) = 154*v - 28. Suppose 4*b = 34 - 22. Let j be o(b). Suppose y = 4*r + 153, 4*y = -5*r + 115 + j. What are the prime factors of y?
3, 47
Let h(x) = -x**3 - 85*x**2 + 391*x - 371. What are the prime factors of h(-90)?
11, 449
Let k be (21/6)/(-7)*(-1 - -1). Suppose k = 3*z - 644 - 163. Let u = -176 + z. List the prime factors of u.
3, 31
Let k = 72595 + -46448. List the prime factors of k.
11, 2377
Let v(l) = 1358*l + 611. What are the prime factors of v(5)?
3, 2467
Let n = -615 - -642. Suppose 1307 = 3*u - 5*o, 5*u - 22*o = -n*o + 2165. What are the prime factors of u?
2, 7, 31
Let r(h) = 19*h**2 + 267*h - 27. Let s(q) = -10*q**2 - 133*q + 13. Let l(o) = 6*r(o) + 11*s(o). List the prime factors of l(-40).
821
Let n = 770 - -452. Let w = 2717 - n. List the prime factors of w.
5, 13, 23
Suppose -15*i = 12131 + 514. Let k = i + 1859. List the prime factors of k.
2, 127
Let d(c) = 7*c**3 + 11*c**2 - 14*c - 44. What are the prime factors of d(10)?
2, 1979
Let n = -431 + 633. Let i = 110 + n. Suppose -3*q = 3*x - i, -2*q + 5*q - 296 = x. What are the prime factors of q?
2, 5
Suppose 134 + 619 = 3*g. Let u = g + -403. What are the prime factors of (-8075)/u + 1/(-8)?
53
Let q be (2 - 6390/(-21)) + 6/(-21). Let g = 111 - q. Let i = g + 327. What are the prime factors of i?
2, 3, 11
Let m(k) = -k**3 - 31*k**2 - 58*k + 4. Let s be m(-29). Suppose 5*o + 482 = 4*t, s*o + 0*o + 607 = 5*t. What are the prime factors of t?
3, 41
Let h = 42378 + -12982. What are the prime factors of h?
2, 7349
Let y(c) = -c**3 + 5*c**2 + 4*c + 3. Suppose -11 = 4*w + 2*m - 1, 0 = 2*w + 5*m - 7. Let r(j) = -3*j - 16. Let a be r(w). List the prime factors of y(a).
131
Let k(n) = 0*n - 4*n + 5*n - 1 + 5. Let t be k(-1). Suppose -2*s + 565 = t*s. List the prime factors of s.
113
Let s = -50837 - -74299. List the prime factors of s.
2, 11731
Let o(a) = -66*a**3 + 3*a**2 - 1. Let v be o(-1). Suppose -q = -v + 66. What are the prime factors of q + (-1800)/(-22) + 8/44?
2, 3, 7
Let q = 16813 + -7316. What are the prime factors of q?
9497
Suppose -2*n + 4*l = -73 + 11, -34 = -n + 3*l. Suppose -4488 = n*h - 33*h. What are the prime factors of h?
3, 11, 17
Let t(z) = -z**2 - 21*z + 21. Let w be t(9). Let i = 321 - w. List the prime factors of i.
2, 3, 5, 19
Suppose t + 5*z - 24556 - 52070 = 0, -3*t = -3*z - 229968. What are the prime factors of t?
76651
Suppose -2*d + 12*c - 11*c = -38793, -58221 = -3*d - 3*c. What are the prime factors of d?
2, 5, 97
Let l = 41236 + -11043. What are the prime factors of l?
109, 277
List the prime factors of ((-68)/17 - -1) + 6530.
61, 107
Suppose 4*s + l - 6 = 0, -30*s - 4*l = -29*s + 6. Suppose s*c - 343 - 980 = -d, -3*c - 5*d + 1981 = 0. List the prime factors of c.
2, 331
Let b = 1756 + -1179. Let h = 1356 - b. List the prime factors of h.
19, 41
Let f(p) = 3*p**3 - 3*p**2 + 2*p + 1. Let u be f(1). Let n(l) = 19*l**2 - 4*l + 5. What are the prime factors of n(u)?
2, 41
List the prime factors of 202680/36 + 4/(-2).
2, 3, 7, 67
Suppose -5*u - 3*s = -109, -5*s + 23 = -3*u + 68. Let v(z) = -z**2 + 55*z - 46. List the prime factors of v(u).
2, 3, 109
Suppose 3 + 327 = 66*z. Let w = -5 + 4. List the prime factors of (2 + -25)/(w/z).
5, 23
Let m(o) = -1109*o**3 - 4*o**2 - 5*o - 2. Let r be (24/15)/(-8)*5. List the prime factors of m(r).
2, 277
Let r(t) = 48*t**2. Let p(s) = s**2 - 2*s - 7. Let x be p(5). Let j be (1 - -4) + x/(-2). List the prime factors of r(j).
2, 3
Suppose 165270 = 1504*g - 1490*g. List the prime factors of g.
3, 5, 787
Let i = 139 - 135. Suppose -4*v = -3*y + v + 1263, 4*v + 1684 = i*y. What are the prime factors of y?
421
Suppose -4*w = -16 - 32. Let d be (9/27)/((-2)/w). List the prime factors of (2/(-4))/(d/568).
2, 71
Let t(u) = 113*u**2 + 584*u - 4674. List the prime factors of t(8).
2, 3, 5, 241
Let n(r) = -5*r + 4. Let l be n(2). Let k be l/(-9) + (-138)/18. List the prime factors of 163/2*(k - -9).
163
Suppose -2*y - 3*o + 19168 + 31528 = 0, -3*o - 101356 = -4*y. Suppose -19*q + y = 3226. List the prime factors of q.
2, 3, 97
Let w(d) = -75*d + 80. Suppose 5*z - 33 + 62 = -3*f, 2*f = 2*z + 18. What are the prime factors of w(z)?
5, 11
What are the prime factors of ((-259175)/(-25) - 29) + 1*-5?
10333
Let b = -4939 + 4941. Suppose 1410 = 5*i - 220. Suppose b*r + 6*k = 2*k + 214, 5*k - i = -3*r. List the prime factors of r.
3, 13
Let v(m) = -m**3 + 56*m**2 - 135*m - 464. What are the prime factors of v(29)?
2, 29, 79
Let n(d) = -7*d - 23. Let z be n(-7). Let y be (-1 + 164)/(z/234). Suppose -5*l + y - 192 = 0. What are the prime factors of l?
3, 5, 17
Let m be 0/(-1 - (2/(-1) + 3)). Suppose -25*f + 31*f - 216 = m. What are the prime factors of f?
2, 3
Suppose 0 = -9*p + 25*p - 255542 - 171834. List the prime factors of p.
26711
Let q(v) = 210*v**2 - 2*v - 2. Let l be q(2). Suppose 37*x = 43*x - l. What are the prime factors of x?
139
Let l = 33156 - 19954. What are the prime factors of l?
2, 7, 23, 41
Let r(h) = 10*h - 6*h**2 + 3*h**2 - 22*h - 7*h**2 + 14 + 2*h**3. List the